{"id":90,"date":"2021-03-19T22:13:22","date_gmt":"2021-03-19T21:13:22","guid":{"rendered":"https:\/\/ordinacevraji.cz\/?page_id=90"},"modified":"2022-08-03T22:14:38","modified_gmt":"2022-08-03T20:14:38","slug":"ockovani","status":"publish","type":"page","link":"https:\/\/ordinacevraji.cz\/index.php\/uvod\/informace\/ockovani\/","title":{"rendered":"O\u010dkov\u00e1n\u00ed"},"content":{"rendered":"\t\t<div data-elementor-type=\"wp-page\" data-elementor-id=\"90\" class=\"elementor elementor-90\" data-elementor-post-type=\"page\">\n\t\t\t\t\t\t<section class=\"elementor-section elementor-top-section elementor-element elementor-element-a9d5186 elementor-section-height-min-height elementor-section-boxed elementor-section-height-default elementor-section-items-middle\" data-id=\"a9d5186\" data-element_type=\"section\" data-e-type=\"section\" data-settings=\"{&quot;background_background&quot;:&quot;gradient&quot;,&quot;shape_divider_bottom&quot;:&quot;waves&quot;}\">\n\t\t\t\t\t\t\t<div class=\"elementor-background-overlay\"><\/div>\n\t\t\t\t\t\t<div class=\"elementor-shape elementor-shape-bottom\" aria-hidden=\"true\" data-negative=\"false\">\n\t\t\t<svg xmlns=\"http:\/\/www.w3.org\/2000\/svg\" viewBox=\"0 0 1000 100\" preserveAspectRatio=\"none\">\n\t<path class=\"elementor-shape-fill\" d=\"M421.9,6.5c22.6-2.5,51.5,0.4,75.5,5.3c23.6,4.9,70.9,23.5,100.5,35.7c75.8,32.2,133.7,44.5,192.6,49.7\n\tc23.6,2.1,48.7,3.5,103.4-2.5c54.7-6,106.2-25.6,106.2-25.6V0H0v30.3c0,0,72,32.6,158.4,30.5c39.2-0.7,92.8-6.7,134-22.4\n\tc21.2-8.1,52.2-18.2,79.7-24.2C399.3,7.9,411.6,7.5,421.9,6.5z\"\/>\n<\/svg>\t\t<\/div>\n\t\t\t\t\t<div class=\"elementor-container elementor-column-gap-default\">\n\t\t\t\t\t<div class=\"elementor-column elementor-col-100 elementor-top-column elementor-element elementor-element-6825135\" data-id=\"6825135\" data-element_type=\"column\" data-e-type=\"column\">\n\t\t\t<div class=\"elementor-widget-wrap elementor-element-populated\">\n\t\t\t\t\t\t<div class=\"elementor-element elementor-element-c403700 elementor-widget elementor-widget-heading\" data-id=\"c403700\" data-element_type=\"widget\" data-e-type=\"widget\" data-widget_type=\"heading.default\">\n\t\t\t\t<div class=\"elementor-widget-container\">\n\t\t\t\t\t<h1 class=\"elementor-heading-title elementor-size-default\">O\u010dkov\u00e1n\u00ed<\/h1>\t\t\t\t<\/div>\n\t\t\t\t<\/div>\n\t\t\t\t\t<\/div>\n\t\t<\/div>\n\t\t\t\t\t<\/div>\n\t\t<\/section>\n\t\t\t\t<section class=\"elementor-section elementor-top-section elementor-element elementor-element-6e7d64a elementor-section-boxed elementor-section-height-default elementor-section-height-default\" data-id=\"6e7d64a\" data-element_type=\"section\" data-e-type=\"section\">\n\t\t\t\t\t\t<div class=\"elementor-container elementor-column-gap-default\">\n\t\t\t\t\t<div class=\"elementor-column elementor-col-100 elementor-top-column elementor-element elementor-element-3936e31\" data-id=\"3936e31\" data-element_type=\"column\" data-e-type=\"column\">\n\t\t\t<div class=\"elementor-widget-wrap elementor-element-populated\">\n\t\t\t\t\t\t<div class=\"elementor-element elementor-element-8075cc7 elementor-widget elementor-widget-spacer\" data-id=\"8075cc7\" data-element_type=\"widget\" data-e-type=\"widget\" data-widget_type=\"spacer.default\">\n\t\t\t\t<div class=\"elementor-widget-container\">\n\t\t\t\t\t\t\t<div class=\"elementor-spacer\">\n\t\t\t<div class=\"elementor-spacer-inner\"><\/div>\n\t\t<\/div>\n\t\t\t\t\t\t<\/div>\n\t\t\t\t<\/div>\n\t\t\t\t<div class=\"elementor-element elementor-element-db93d31 elementor-widget elementor-widget-text-editor\" data-id=\"db93d31\" data-element_type=\"widget\" data-e-type=\"widget\" data-widget_type=\"text-editor.default\">\n\t\t\t\t<div class=\"elementor-widget-container\">\n\t\t\t\t\t\t\t\t\t<p style=\"font-weight: 400;\">N\u00ed\u017ee najdete z\u00e1kladn\u00ed informace a \u010dast\u00e9 dotazy k o\u010dkov\u00e1n\u00ed. V doln\u00ed \u010d\u00e1sti str\u00e1nky je pak rozcestn\u00edk na jednotliv\u00e9 typy o\u010dkov\u00e1n\u00ed a bli\u017e\u0161\u00ed informace k povinn\u00e9mu a nepovinn\u00e9mu o\u010dkov\u00e1n\u00ed a tak\u00e9 k dobrovoln\u00e9mu o\u010dkov\u00e1n\u00ed, kter\u00e9 hrad\u00ed pacienti sami.<\/p><p style=\"font-weight: 400;\">\u00a0<\/p><h1 style=\"font-weight: 400;\">Z\u00e1kladn\u00ed informace k o\u010dkov\u00e1n\u00ed<\/h1><h4><span style=\"color: #000000;\">O\u010dkujeme POUZE ZDRAV\u00c9 D\u011aTI.<\/span><\/h4>\t\t\t\t\t\t\t\t<\/div>\n\t\t\t\t<\/div>\n\t\t\t\t<div class=\"elementor-element elementor-element-eafd409 elementor-widget elementor-widget-toggle\" data-id=\"eafd409\" data-element_type=\"widget\" data-e-type=\"widget\" data-widget_type=\"toggle.default\">\n\t\t\t\t<div class=\"elementor-widget-container\">\n\t\t\t\t\t\t\t<div class=\"elementor-toggle\">\n\t\t\t\t\t\t\t<div class=\"elementor-toggle-item\">\n\t\t\t\t\t<div id=\"elementor-tab-title-2461\" class=\"elementor-tab-title\" data-tab=\"1\" role=\"button\" aria-controls=\"elementor-tab-content-2461\" aria-expanded=\"false\">\n\t\t\t\t\t\t\t\t\t\t\t\t<span class=\"elementor-toggle-icon elementor-toggle-icon-left\" aria-hidden=\"true\">\n\t\t\t\t\t\t\t\t\t\t\t\t\t\t\t<span class=\"elementor-toggle-icon-closed\"><i class=\"fas fa-caret-right\"><\/i><\/span>\n\t\t\t\t\t\t\t\t<span class=\"elementor-toggle-icon-opened\"><i class=\"elementor-toggle-icon-opened fas fa-caret-up\"><\/i><\/span>\n\t\t\t\t\t\t\t\t\t\t\t\t\t<\/span>\n\t\t\t\t\t\t\t\t\t\t\t\t<a class=\"elementor-toggle-title\" tabindex=\"0\">Kdy by se nem\u011blo o\u010dkovat?<\/a>\n\t\t\t\t\t<\/div>\n\n\t\t\t\t\t<div id=\"elementor-tab-content-2461\" class=\"elementor-tab-content elementor-clearfix\" data-tab=\"1\" role=\"region\" aria-labelledby=\"elementor-tab-title-2461\"><div><p class=\"font8\">O tom rozhodne l\u00e9ka\u0159 u ka\u017ed\u00e9ho d\u00edt\u011bte p\u0159\u00edsn\u011b individu\u00e1ln\u011b. Obecn\u011b lze \u0159\u00edci, \u017ee p\u0159ek\u00e1\u017eky v o\u010dkov\u00e1n\u00ed mohou b\u00fdt do\u010dasn\u00e9, kter\u00e9 vedou jen k odd\u00e1len\u00ed o\u010dkov\u00e1n\u00ed nebo trval\u00e9, kter\u00e9 o\u010dkov\u00e1n\u00ed br\u00e1n\u00ed trvale. M\u016f\u017ee to b\u00fdt jen proti n\u011bkter\u00e9 nemoci, nebo se d\u00edt\u011b nem\u016f\u017ee o\u010dkovat v\u016fbec. Tyto d\u011bti, kter\u00e9 nemohou b\u00fdt o\u010dkov\u00e1ny ze zdravotn\u00edch d\u016fvod\u016f, jsou z\u00e1visl\u00e9 pr\u00e1v\u011b na vysok\u00e9 proo\u010dkovanosti ostatn\u00ed populace.<\/p><\/div><\/div>\n\t\t\t\t<\/div>\n\t\t\t\t\t\t\t<div class=\"elementor-toggle-item\">\n\t\t\t\t\t<div id=\"elementor-tab-title-2462\" class=\"elementor-tab-title\" data-tab=\"2\" role=\"button\" aria-controls=\"elementor-tab-content-2462\" aria-expanded=\"false\">\n\t\t\t\t\t\t\t\t\t\t\t\t<span class=\"elementor-toggle-icon elementor-toggle-icon-left\" aria-hidden=\"true\">\n\t\t\t\t\t\t\t\t\t\t\t\t\t\t\t<span class=\"elementor-toggle-icon-closed\"><i class=\"fas fa-caret-right\"><\/i><\/span>\n\t\t\t\t\t\t\t\t<span class=\"elementor-toggle-icon-opened\"><i class=\"elementor-toggle-icon-opened fas fa-caret-up\"><\/i><\/span>\n\t\t\t\t\t\t\t\t\t\t\t\t\t<\/span>\n\t\t\t\t\t\t\t\t\t\t\t\t<a class=\"elementor-toggle-title\" tabindex=\"0\">D\u016fvody p\u0159echodn\u00e9ho odlo\u017een\u00ed o\u010dkov\u00e1n\u00ed:<\/a>\n\t\t\t\t\t<\/div>\n\n\t\t\t\t\t<div id=\"elementor-tab-content-2462\" class=\"elementor-tab-content elementor-clearfix\" data-tab=\"2\" role=\"region\" aria-labelledby=\"elementor-tab-title-2462\"><ul><li>d\u00edt\u011b je akutn\u011b nemocn\u00e9, p\u0159\u00edpadn\u011b m\u00e1 teplotu, v\u011bt\u0161\u00ed pozornost aktu\u00e1ln\u00edmu zdravotn\u00edmu stavu d\u00edt\u011bte je t\u0159eba v\u011bnovat p\u0159i o\u010dkov\u00e1n\u00ed &#8222;\u017eiv\u00fdmi&#8220; vakc\u00ednami (nap\u0159. spalni\u010dky)<\/li><li>d\u00edt\u011b bylo v kontaktu s nemocn\u00fdm a je v tzv. inkuba\u010dn\u00ed dob\u011b (ta trv\u00e1 dle typu nemoci v\u011bt\u0161inou 1-3 t\u00fddny)<\/li><li>d\u00edt\u011b je oslaben\u00e9 po nemoci (je v rekonvalescenci), u b\u011b\u017en\u00fdch d\u011btsk\u00fdch onemocn\u011bn\u00ed sta\u010d\u00ed v\u011bt\u0161inou\u00a0 \u00a01 &#8211; 2 t\u00fddny<\/li><li>pokud m\u00e1 d\u00edt\u011b alergick\u00e9 projevy (pylov\u00e1 alergie, zhor\u0161en\u00ed atopick\u00e9ho ekz\u00e9mu, kop\u0159ivka&#8230;)<\/li><li>d\u00edt\u011b u\u017e\u00edv\u00e1 kortikoidy nebo l\u00e9ky na imunitu<\/li><li>d\u00edt\u011b m\u00e1 z\u00e1va\u017en\u00e9 dlouhodob\u00e9 onemocn\u011bn\u00ed (nej\u010dast\u011bji neurologick\u00e9 nebo onkologick\u00e9)<\/li><\/ul><div><p>\u00a0<\/p><p class=\"font8\">Dal\u0161\u00edmi d\u016fvody br\u00e1n\u00edc\u00ed o\u010dkov\u00e1n\u00ed (v\u011bt\u0161inou trvale) m\u016f\u017ee b\u00fdt z\u00e1va\u017en\u00e1 reakce po p\u0159edchoz\u00edm o\u010dkov\u00e1n\u00ed \u010di z\u00e1va\u017en\u00e9 chronick\u00e9 onemocn\u011bn\u00ed (nej\u010dast\u011bji neurologick\u00e9 nebo defekt imunity).<\/p><\/div><\/div>\n\t\t\t\t<\/div>\n\t\t\t\t\t\t\t<div class=\"elementor-toggle-item\">\n\t\t\t\t\t<div id=\"elementor-tab-title-2463\" class=\"elementor-tab-title\" data-tab=\"3\" role=\"button\" aria-controls=\"elementor-tab-content-2463\" aria-expanded=\"false\">\n\t\t\t\t\t\t\t\t\t\t\t\t<span class=\"elementor-toggle-icon elementor-toggle-icon-left\" aria-hidden=\"true\">\n\t\t\t\t\t\t\t\t\t\t\t\t\t\t\t<span class=\"elementor-toggle-icon-closed\"><i class=\"fas fa-caret-right\"><\/i><\/span>\n\t\t\t\t\t\t\t\t<span class=\"elementor-toggle-icon-opened\"><i class=\"elementor-toggle-icon-opened fas fa-caret-up\"><\/i><\/span>\n\t\t\t\t\t\t\t\t\t\t\t\t\t<\/span>\n\t\t\t\t\t\t\t\t\t\t\t\t<a class=\"elementor-toggle-title\" tabindex=\"0\">Jak\u00e9 jsou reakce po o\u010dkov\u00e1n\u00ed?<\/a>\n\t\t\t\t\t<\/div>\n\n\t\t\t\t\t<div id=\"elementor-tab-content-2463\" class=\"elementor-tab-content elementor-clearfix\" data-tab=\"3\" role=\"region\" aria-labelledby=\"elementor-tab-title-2463\"><p style=\"font-weight: 400;\">Jakoukoliv reakci m\u00e1 jen mal\u00e1 \u010d\u00e1st (n\u011bkolik m\u00e1lo procent) o\u010dkovan\u00fdch d\u011bt\u00ed.<\/p><p style=\"font-weight: 400;\">Reakce po o\u010dkov\u00e1n\u00ed se dostavuj\u00ed za r\u016fzn\u011b dlouhou dobu, z\u00e1le\u017e\u00ed na typu o\u010dkov\u00e1n\u00ed. M\u016f\u017ee to b\u00fdt u\u017e v den \u010di n\u00e1sleduj\u00edc\u00ed den po o\u010dkov\u00e1n\u00ed (u ne\u017eiv\u00fdch vakc\u00edn), u \u017eiv\u00fdch vakc\u00edn se reakce m\u016f\u017ee dostavit a\u017e za 7-10 dn\u016f. Tuto informaci v\u00e1m sd\u011bl\u00ed l\u00e9ka\u0159 p\u0159i o\u010dkov\u00e1n\u00ed.<\/p><p style=\"font-weight: 400;\">Reakce m\u016f\u017ee b\u00fdt m\u00edstn\u00ed nebo celkov\u00e1.<\/p><p style=\"font-weight: 400;\"><strong>Nej\u010dast\u011bj\u0161\u00ed m\u00edstn\u00ed reakce (v m\u00edst\u011b vpichu)<\/strong><\/p><ul><li>zarudnut\u00ed<\/li><li>otok<\/li><li>bolest<\/li><\/ul><p style=\"font-weight: 400;\"><strong>Nej\u010dast\u011bj\u0161\u00ed celkov\u00e9 reakce<\/strong><\/p><ul><li>teplota<\/li><li>\u00fanava nebo naopak podr\u00e1\u017ed\u011bnost, neklid<\/li><li>bolest hlavy<\/li><li>bolest sval\u016f<\/li><li>bolest kloub\u016f<\/li><li>tr\u00e1vic\u00ed obt\u00ed\u017ee (zvracen\u00ed, pr\u016fjem)<\/li><\/ul><p style=\"font-weight: 400;\">\u00a0<\/p><p style=\"font-weight: 400;\">V\u011bt\u0161inou se reakce vyskytuj\u00ed izolovan\u011b (nap\u0159. jen zarudnut\u00ed nebo jen otok \u010di neklid atd.), pouze v ojedin\u011bl\u00fdch p\u0159\u00edpadech v kombinac\u00edch (nap\u0159. zarudnut\u00ed s teplotou \u010di bolestiv\u00fd otok, neklid a teplota apod.).<\/p><\/div>\n\t\t\t\t<\/div>\n\t\t\t\t\t\t\t<div class=\"elementor-toggle-item\">\n\t\t\t\t\t<div id=\"elementor-tab-title-2464\" class=\"elementor-tab-title\" data-tab=\"4\" role=\"button\" aria-controls=\"elementor-tab-content-2464\" aria-expanded=\"false\">\n\t\t\t\t\t\t\t\t\t\t\t\t<span class=\"elementor-toggle-icon elementor-toggle-icon-left\" aria-hidden=\"true\">\n\t\t\t\t\t\t\t\t\t\t\t\t\t\t\t<span class=\"elementor-toggle-icon-closed\"><i class=\"fas fa-caret-right\"><\/i><\/span>\n\t\t\t\t\t\t\t\t<span class=\"elementor-toggle-icon-opened\"><i class=\"elementor-toggle-icon-opened fas fa-caret-up\"><\/i><\/span>\n\t\t\t\t\t\t\t\t\t\t\t\t\t<\/span>\n\t\t\t\t\t\t\t\t\t\t\t\t<a class=\"elementor-toggle-title\" tabindex=\"0\">Jak se chovat po o\u010dkov\u00e1n\u00ed?<\/a>\n\t\t\t\t\t<\/div>\n\n\t\t\t\t\t<div id=\"elementor-tab-content-2464\" class=\"elementor-tab-content elementor-clearfix\" data-tab=\"4\" role=\"region\" aria-labelledby=\"elementor-tab-title-2464\"><ul><li>30 min. po ka\u017ed\u00e9m o\u010dkov\u00e1n\u00ed je t\u0159eba setrvat v \u010dek\u00e1rn\u011b!<\/li><li>je doporu\u010deno d\u00edt\u011b \u0161et\u0159it, tj. nem\u011blo by b\u00fdt vystaveno v\u011bt\u0161\u00ed fyzick\u00e9 a psychick\u00e9 n\u00e1maze podle druhu vakc\u00edny bu\u010f 2 dny (ne\u017eiv\u00e9 vakc\u00edny) nebo 2 t\u00fddny (\u017eiv\u00e9 vakc\u00edny), tzn. vynechat organizovan\u00e1 plav\u00e1n\u00ed, cvi\u010den\u00ed, jin\u00e9 sportovn\u00ed aktivity, rehabilita\u010dn\u00ed cvi\u010den\u00ed a zejm\u00e9na kontakt s nemocn\u00fdmi lidmi<\/li><\/ul><\/div>\n\t\t\t\t<\/div>\n\t\t\t\t\t\t\t<div class=\"elementor-toggle-item\">\n\t\t\t\t\t<div id=\"elementor-tab-title-2465\" class=\"elementor-tab-title\" data-tab=\"5\" role=\"button\" aria-controls=\"elementor-tab-content-2465\" aria-expanded=\"false\">\n\t\t\t\t\t\t\t\t\t\t\t\t<span class=\"elementor-toggle-icon elementor-toggle-icon-left\" aria-hidden=\"true\">\n\t\t\t\t\t\t\t\t\t\t\t\t\t\t\t<span class=\"elementor-toggle-icon-closed\"><i class=\"fas fa-caret-right\"><\/i><\/span>\n\t\t\t\t\t\t\t\t<span class=\"elementor-toggle-icon-opened\"><i class=\"elementor-toggle-icon-opened fas fa-caret-up\"><\/i><\/span>\n\t\t\t\t\t\t\t\t\t\t\t\t\t<\/span>\n\t\t\t\t\t\t\t\t\t\t\t\t<a class=\"elementor-toggle-title\" tabindex=\"0\">Kdy kontaktovat l\u00e9ka\u0159e po o\u010dkov\u00e1n\u00ed?<\/a>\n\t\t\t\t\t<\/div>\n\n\t\t\t\t\t<div id=\"elementor-tab-content-2465\" class=\"elementor-tab-content elementor-clearfix\" data-tab=\"5\" role=\"region\" aria-labelledby=\"elementor-tab-title-2465\"><ul><li>p\u0159i hore\u010dce p\u0159es 39st.C<\/li><li>p\u0159i nezti\u0161iteln\u00e9m pl\u00e1\u010di trvaj\u00edc\u00edm n\u011bkolik hodin<\/li><li>p\u0159i zarudnut\u00ed \u010di otoku v m\u00edst\u011b vpichu dosahuj\u00edc\u00edm 10 cm<\/li><li>objev\u00ed-li se k\u0159e\u010de, p\u0159\u00edpadn\u011b kr\u00e1tkodob\u00e9 bezv\u011bdom\u00ed nebo objev\u00ed-li se z\u00e1va\u017en\u011bj\u0161\u00ed reakce b\u011bhem dvou a\u017e t\u0159\u00ed hodin po o\u010dkov\u00e1n\u00ed<\/li><\/ul><\/div>\n\t\t\t\t<\/div>\n\t\t\t\t\t\t\t\t<\/div>\n\t\t\t\t\t\t<\/div>\n\t\t\t\t<\/div>\n\t\t\t\t<div class=\"elementor-element elementor-element-13f1959 elementor-widget elementor-widget-spacer\" data-id=\"13f1959\" data-element_type=\"widget\" data-e-type=\"widget\" data-widget_type=\"spacer.default\">\n\t\t\t\t<div class=\"elementor-widget-container\">\n\t\t\t\t\t\t\t<div class=\"elementor-spacer\">\n\t\t\t<div class=\"elementor-spacer-inner\"><\/div>\n\t\t<\/div>\n\t\t\t\t\t\t<\/div>\n\t\t\t\t<\/div>\n\t\t\t\t<section class=\"elementor-section elementor-inner-section elementor-element elementor-element-5082459 elementor-section-boxed elementor-section-height-default elementor-section-height-default\" data-id=\"5082459\" data-element_type=\"section\" data-e-type=\"section\">\n\t\t\t\t\t\t<div class=\"elementor-container elementor-column-gap-default\">\n\t\t\t\t\t<div class=\"elementor-column elementor-col-33 elementor-inner-column elementor-element elementor-element-980c903\" data-id=\"980c903\" data-element_type=\"column\" data-e-type=\"column\">\n\t\t\t<div class=\"elementor-widget-wrap elementor-element-populated\">\n\t\t\t\t\t\t<div class=\"elementor-element elementor-element-62000d5 elementor-cta--skin-classic elementor-animated-content elementor-bg-transform elementor-bg-transform-zoom-in elementor-widget elementor-widget-call-to-action\" data-id=\"62000d5\" data-element_type=\"widget\" data-e-type=\"widget\" data-widget_type=\"call-to-action.default\">\n\t\t\t\t<div class=\"elementor-widget-container\">\n\t\t\t\t\t\t\t<a class=\"elementor-cta\" href=\"https:\/\/ordinacevraji.cz\/index.php\/uvod\/informace\/ockovani\/povinne-ockovani\/\">\n\t\t\t\t\t\t\t<div class=\"elementor-cta__content\">\n\t\t\t\t\n\t\t\t\t\t\t\t\t\t<h2 class=\"elementor-cta__title elementor-cta__content-item elementor-content-item\">\n\t\t\t\t\t\tPovinn\u00e9 o\u010dkov\u00e1n\u00ed\t\t\t\t\t<\/h2>\n\t\t\t\t\n\t\t\t\t\t\t\t\t\t<div class=\"elementor-cta__description elementor-cta__content-item elementor-content-item\">\n\t\t\t\t\t\tO\u010dkov\u00e1n\u00ed povinn\u00e1, hrazen\u00e1 ze zdravotn\u00edho poji\u0161t\u011bn\u00ed\t\t\t\t\t<\/div>\n\t\t\t\t\n\t\t\t\t\t\t\t\t\t<div class=\"elementor-cta__button-wrapper elementor-cta__content-item elementor-content-item \">\n\t\t\t\t\t<span class=\"elementor-cta__button elementor-button elementor-size-\">\n\t\t\t\t\t\tV\u00edce informac\u00ed\t\t\t\t\t<\/span>\n\t\t\t\t\t<\/div>\n\t\t\t\t\t\t\t<\/div>\n\t\t\t\t\t\t<\/a>\n\t\t\t\t\t\t<\/div>\n\t\t\t\t<\/div>\n\t\t\t\t\t<\/div>\n\t\t<\/div>\n\t\t\t\t<div class=\"elementor-column elementor-col-33 elementor-inner-column elementor-element elementor-element-d80a58d\" data-id=\"d80a58d\" data-element_type=\"column\" data-e-type=\"column\">\n\t\t\t<div class=\"elementor-widget-wrap elementor-element-populated\">\n\t\t\t\t\t\t<div class=\"elementor-element elementor-element-f5042c9 elementor-cta--skin-classic elementor-animated-content elementor-bg-transform elementor-bg-transform-zoom-in elementor-widget elementor-widget-call-to-action\" data-id=\"f5042c9\" data-element_type=\"widget\" data-e-type=\"widget\" data-widget_type=\"call-to-action.default\">\n\t\t\t\t<div class=\"elementor-widget-container\">\n\t\t\t\t\t\t\t<a class=\"elementor-cta\" href=\"https:\/\/ordinacevraji.cz\/index.php\/uvod\/informace\/ockovani\/nepovinne-ockovani\/\">\n\t\t\t\t\t\t\t<div class=\"elementor-cta__content\">\n\t\t\t\t\n\t\t\t\t\t\t\t\t\t<h2 class=\"elementor-cta__title elementor-cta__content-item elementor-content-item\">\n\t\t\t\t\t\tNepovinn\u00e9 o\u010dkov\u00e1n\u00ed\t\t\t\t\t<\/h2>\n\t\t\t\t\n\t\t\t\t\t\t\t\t\t<div class=\"elementor-cta__description elementor-cta__content-item elementor-content-item\">\n\t\t\t\t\t\tO\u010dkov\u00e1n\u00ed nepovinn\u00e1, ale hrazen\u00e1 ze zdravotn\u00edho poji\u0161t\u011bn\u00ed\t\t\t\t\t<\/div>\n\t\t\t\t\n\t\t\t\t\t\t\t\t\t<div class=\"elementor-cta__button-wrapper elementor-cta__content-item elementor-content-item \">\n\t\t\t\t\t<span class=\"elementor-cta__button elementor-button elementor-size-\">\n\t\t\t\t\t\tV\u00edce informac\u00ed\t\t\t\t\t<\/span>\n\t\t\t\t\t<\/div>\n\t\t\t\t\t\t\t<\/div>\n\t\t\t\t\t\t<\/a>\n\t\t\t\t\t\t<\/div>\n\t\t\t\t<\/div>\n\t\t\t\t\t<\/div>\n\t\t<\/div>\n\t\t\t\t<div class=\"elementor-column elementor-col-33 elementor-inner-column elementor-element elementor-element-1e10122\" data-id=\"1e10122\" data-element_type=\"column\" data-e-type=\"column\">\n\t\t\t<div class=\"elementor-widget-wrap elementor-element-populated\">\n\t\t\t\t\t\t<div class=\"elementor-element elementor-element-7e25f29 elementor-cta--skin-classic elementor-animated-content elementor-bg-transform elementor-bg-transform-zoom-in elementor-widget elementor-widget-call-to-action\" data-id=\"7e25f29\" data-element_type=\"widget\" data-e-type=\"widget\" data-widget_type=\"call-to-action.default\">\n\t\t\t\t<div class=\"elementor-widget-container\">\n\t\t\t\t\t\t\t<a class=\"elementor-cta\" href=\"https:\/\/ordinacevraji.cz\/index.php\/uvod\/informace\/ockovani\/dobrovolne-ockovani\/\">\n\t\t\t\t\t\t\t<div class=\"elementor-cta__content\">\n\t\t\t\t\n\t\t\t\t\t\t\t\t\t<h2 class=\"elementor-cta__title elementor-cta__content-item elementor-content-item\">\n\t\t\t\t\t\tDobrovoln\u00e9 o\u010dkov\u00e1n\u00ed\t\t\t\t\t<\/h2>\n\t\t\t\t\n\t\t\t\t\t\t\t\t\t<div class=\"elementor-cta__description elementor-cta__content-item elementor-content-item\">\n\t\t\t\t\t\tO\u010dkov\u00e1n\u00ed dobrovoln\u00e1, nehrazen\u00e1 (hrad\u00ed rodi\u010d d\u00edt\u011bte)\t\t\t\t\t<\/div>\n\t\t\t\t\n\t\t\t\t\t\t\t\t\t<div class=\"elementor-cta__button-wrapper elementor-cta__content-item elementor-content-item \">\n\t\t\t\t\t<span class=\"elementor-cta__button elementor-button elementor-size-\">\n\t\t\t\t\t\tV\u00edce informac\u00ed\t\t\t\t\t<\/span>\n\t\t\t\t\t<\/div>\n\t\t\t\t\t\t\t<\/div>\n\t\t\t\t\t\t<\/a>\n\t\t\t\t\t\t<\/div>\n\t\t\t\t<\/div>\n\t\t\t\t\t<\/div>\n\t\t<\/div>\n\t\t\t\t\t<\/div>\n\t\t<\/section>\n\t\t\t\t\t<\/div>\n\t\t<\/div>\n\t\t\t\t\t<\/div>\n\t\t<\/section>\n\t\t\t\t<section class=\"elementor-section elementor-top-section elementor-element elementor-element-7bfeecf elementor-section-boxed elementor-section-height-default elementor-section-height-default\" data-id=\"7bfeecf\" data-element_type=\"section\" data-e-type=\"section\">\n\t\t\t\t\t\t<div class=\"elementor-container elementor-column-gap-default\">\n\t\t\t\t\t<div class=\"elementor-column elementor-col-100 elementor-top-column elementor-element elementor-element-9cdb298\" data-id=\"9cdb298\" data-element_type=\"column\" data-e-type=\"column\">\n\t\t\t<div class=\"elementor-widget-wrap elementor-element-populated\">\n\t\t\t\t\t\t<div class=\"elementor-element elementor-element-1289ae1 elementor-widget elementor-widget-spacer\" data-id=\"1289ae1\" data-element_type=\"widget\" data-e-type=\"widget\" data-widget_type=\"spacer.default\">\n\t\t\t\t<div class=\"elementor-widget-container\">\n\t\t\t\t\t\t\t<div class=\"elementor-spacer\">\n\t\t\t<div class=\"elementor-spacer-inner\"><\/div>\n\t\t<\/div>\n\t\t\t\t\t\t<\/div>\n\t\t\t\t<\/div>\n\t\t\t\t\t<\/div>\n\t\t<\/div>\n\t\t\t\t\t<\/div>\n\t\t<\/section>\n\t\t\t\t<\/div>\n\t\t","protected":false},"excerpt":{"rendered":"<p>O\u010dkov\u00e1n\u00ed N\u00ed\u017ee najdete z\u00e1kladn\u00ed informace a \u010dast\u00e9 dotazy k o\u010dkov\u00e1n\u00ed. V doln\u00ed \u010d\u00e1sti str\u00e1nky je pak rozcestn\u00edk na jednotliv\u00e9 typy o\u010dkov\u00e1n\u00ed a bli\u017e\u0161\u00ed informace k povinn\u00e9mu a nepovinn\u00e9mu o\u010dkov\u00e1n\u00ed a tak\u00e9 k dobrovoln\u00e9mu o\u010dkov\u00e1n\u00ed, kter\u00e9 hrad\u00ed pacienti sami. \u00a0 Z\u00e1kladn\u00ed informace k o\u010dkov\u00e1n\u00ed O\u010dkujeme POUZE ZDRAV\u00c9 D\u011aTI. Kdy by se nem\u011blo o\u010dkovat? O tom rozhodne [&hellip;]<\/p>\n","protected":false},"author":1,"featured_media":0,"parent":88,"menu_order":3,"comment_status":"closed","ping_status":"closed","template":"elementor_header_footer","meta":{"footnotes":""},"class_list":["post-90","page","type-page","status-publish","hentry"],"_links":{"self":[{"href":"https:\/\/ordinacevraji.cz\/index.php\/wp-json\/wp\/v2\/pages\/90","targetHints":{"allow":["GET"]}}],"collection":[{"href":"https:\/\/ordinacevraji.cz\/index.php\/wp-json\/wp\/v2\/pages"}],"about":[{"href":"https:\/\/ordinacevraji.cz\/index.php\/wp-json\/wp\/v2\/types\/page"}],"author":[{"embeddable":true,"href":"https:\/\/ordinacevraji.cz\/index.php\/wp-json\/wp\/v2\/users\/1"}],"replies":[{"embeddable":true,"href":"https:\/\/ordinacevraji.cz\/index.php\/wp-json\/wp\/v2\/comments?post=90"}],"version-history":[{"count":70,"href":"https:\/\/ordinacevraji.cz\/index.php\/wp-json\/wp\/v2\/pages\/90\/revisions"}],"predecessor-version":[{"id":816,"href":"https:\/\/ordinacevraji.cz\/index.php\/wp-json\/wp\/v2\/pages\/90\/revisions\/816"}],"up":[{"embeddable":true,"href":"https:\/\/ordinacevraji.cz\/index.php\/wp-json\/wp\/v2\/pages\/88"}],"wp:attachment":[{"href":"https:\/\/ordinacevraji.cz\/index.php\/wp-json\/wp\/v2\/media?parent=90"}],"curies":[{"name":"wp","href":"https:\/\/api.w.org\/{rel}","templated":true}]}}