{"id":361,"date":"2021-12-30T08:57:53","date_gmt":"2021-12-30T07:57:53","guid":{"rendered":"https:\/\/ordinacevraji.cz\/?page_id=361"},"modified":"2022-08-03T17:14:01","modified_gmt":"2022-08-03T15:14:01","slug":"preventivni-prohlidky","status":"publish","type":"page","link":"https:\/\/ordinacevraji.cz\/index.php\/uvod\/informace\/preventivni-prohlidky\/","title":{"rendered":"Preventivn\u00ed prohl\u00eddky"},"content":{"rendered":"\t\t<div data-elementor-type=\"wp-page\" data-elementor-id=\"361\" class=\"elementor elementor-361\" data-elementor-post-type=\"page\">\n\t\t\t\t\t\t<section class=\"elementor-section elementor-top-section elementor-element elementor-element-e354238 elementor-section-height-min-height elementor-section-boxed elementor-section-height-default elementor-section-items-middle\" data-id=\"e354238\" data-element_type=\"section\" data-e-type=\"section\" data-settings=\"{&quot;background_background&quot;:&quot;gradient&quot;,&quot;shape_divider_bottom&quot;:&quot;waves&quot;}\">\n\t\t\t\t\t\t\t<div class=\"elementor-background-overlay\"><\/div>\n\t\t\t\t\t\t<div class=\"elementor-shape elementor-shape-bottom\" aria-hidden=\"true\" data-negative=\"false\">\n\t\t\t<svg xmlns=\"http:\/\/www.w3.org\/2000\/svg\" viewBox=\"0 0 1000 100\" preserveAspectRatio=\"none\">\n\t<path class=\"elementor-shape-fill\" d=\"M421.9,6.5c22.6-2.5,51.5,0.4,75.5,5.3c23.6,4.9,70.9,23.5,100.5,35.7c75.8,32.2,133.7,44.5,192.6,49.7\n\tc23.6,2.1,48.7,3.5,103.4-2.5c54.7-6,106.2-25.6,106.2-25.6V0H0v30.3c0,0,72,32.6,158.4,30.5c39.2-0.7,92.8-6.7,134-22.4\n\tc21.2-8.1,52.2-18.2,79.7-24.2C399.3,7.9,411.6,7.5,421.9,6.5z\"\/>\n<\/svg>\t\t<\/div>\n\t\t\t\t\t<div class=\"elementor-container elementor-column-gap-default\">\n\t\t\t\t\t<div class=\"elementor-column elementor-col-100 elementor-top-column elementor-element elementor-element-86f3e3d\" data-id=\"86f3e3d\" data-element_type=\"column\" data-e-type=\"column\">\n\t\t\t<div class=\"elementor-widget-wrap elementor-element-populated\">\n\t\t\t\t\t\t<div class=\"elementor-element elementor-element-6f3a3e1 elementor-widget elementor-widget-heading\" data-id=\"6f3a3e1\" data-element_type=\"widget\" data-e-type=\"widget\" data-widget_type=\"heading.default\">\n\t\t\t\t<div class=\"elementor-widget-container\">\n\t\t\t\t\t<h1 class=\"elementor-heading-title elementor-size-default\">Preventivn\u00ed prohl\u00eddky<\/h1>\t\t\t\t<\/div>\n\t\t\t\t<\/div>\n\t\t\t\t\t<\/div>\n\t\t<\/div>\n\t\t\t\t\t<\/div>\n\t\t<\/section>\n\t\t\t\t<section class=\"elementor-section elementor-top-section elementor-element elementor-element-b63b265 elementor-section-boxed elementor-section-height-default elementor-section-height-default\" data-id=\"b63b265\" data-element_type=\"section\" data-e-type=\"section\">\n\t\t\t\t\t\t<div class=\"elementor-container elementor-column-gap-default\">\n\t\t\t\t\t<div class=\"elementor-column elementor-col-100 elementor-top-column elementor-element elementor-element-34d7774\" data-id=\"34d7774\" data-element_type=\"column\" data-e-type=\"column\">\n\t\t\t<div class=\"elementor-widget-wrap elementor-element-populated\">\n\t\t\t\t\t\t<div class=\"elementor-element elementor-element-33e6638 elementor-widget elementor-widget-spacer\" data-id=\"33e6638\" data-element_type=\"widget\" data-e-type=\"widget\" data-widget_type=\"spacer.default\">\n\t\t\t\t<div class=\"elementor-widget-container\">\n\t\t\t\t\t\t\t<div class=\"elementor-spacer\">\n\t\t\t<div class=\"elementor-spacer-inner\"><\/div>\n\t\t<\/div>\n\t\t\t\t\t\t<\/div>\n\t\t\t\t<\/div>\n\t\t\t\t<div class=\"elementor-element elementor-element-937cc8b elementor-widget elementor-widget-text-editor\" data-id=\"937cc8b\" data-element_type=\"widget\" data-e-type=\"widget\" data-widget_type=\"text-editor.default\">\n\t\t\t\t<div class=\"elementor-widget-container\">\n\t\t\t\t\t\t\t\t\t<p>Prvn\u00ed vy\u0161et\u0159en\u00ed d\u00edt\u011bte prob\u011bhne zpravidla do 3 dn\u016f od\u00a0<strong>propu\u0161t\u011bn\u00ed z porodnice.<br \/><\/strong>N\u00e1sleduj\u00ed dal\u0161\u00ed preventivn\u00ed prohl\u00eddky \u2013 <strong>do 1 roku<\/strong> v\u011bku celkem <strong>8x<\/strong>, a to ve v\u011bku\u00a0<strong style=\"color: var( --e-global-color-text ); font-family: var( --e-global-typography-text-font-family ), varela round; font-size: 1rem;\">14 dn\u016f, 6 t\u00fddn\u016f, 3, 4, 6, 8, 10 a 12 m\u011bs\u00edc\u016f.<\/strong><\/p><p>N\u00e1sleduje prohl\u00eddka v odstupu p\u016fl roku \u2013\u00a0<strong>v 18 m\u011bs\u00edc\u00edch v\u011bku.<\/strong><\/p><p>Od 3 let v\u011bku jsou dal\u0161\u00ed preventivn\u00ed prohl\u00eddky\u00a0<strong>v intervalu 2 let<\/strong>(lich\u00e9 roky \u017eivota, tzn. v\u00a05, 7, 9, 11, 13, 15, 17 a 19 letech).<\/p><p>Na preventivn\u00ed prohl\u00eddky budete<strong>\u00a0zv\u00e1ni telefonicky.<br \/><\/strong><em style=\"color: var( --e-global-color-text ); font-family: var( --e-global-typography-text-font-family ), varela round; font-size: 1rem;\">Pokud V\u00e1m \u010das nebo datum nevyhovuj\u00ed, domluvte se, pros\u00edm, telefonicky nebo osobn\u011b na n\u00e1hradn\u00edm term\u00ednu.<\/em><\/p><h4>Pros\u00edme o nahl\u00e1\u0161en\u00ed ka\u017ed\u00e9 zm\u011bny telefonn\u00edho \u010d\u00edsla a adresy.<\/h4><p>\u00a0<\/p><h2><span style=\"color: #088499;\">Co p\u0159in\u00e9st s sebou na preventivn\u00ed prohl\u00eddku?<\/span><\/h2><ul><li><strong>o\u010dkovac\u00ed pr\u016fkaz d\u00edt\u011bte<\/strong><\/li><li><strong>karti\u010dku poji\u0161t\u011bnce<\/strong><\/li><li><strong>zpr\u00e1vy z l\u00e9ka\u0159sk\u00fdch vy\u0161et\u0159en\u00ed<\/strong>, pokud d\u00edt\u011b n\u011bjak\u00e9 absolvovalo,\u00a0<strong>zpr\u00e1vy z odborn\u00fdch ambulanc\u00ed<\/strong>, kde je d\u00edt\u011b sledov\u00e1no<\/li><li><strong>seznam l\u00e9k\u016f, kter\u00e9 d\u00edt\u011b u\u017e\u00edv\u00e1\u00a0<\/strong>(n\u00e1zev, s\u00edlu, d\u00e1vkov\u00e1n\u00ed)<\/li><li>od 3 let <strong>rann\u00ed mo\u010d d\u00edt\u011bte\u00a0<\/strong>ve zkumavce (lze zakoupit v l\u00e9k\u00e1rn\u011b) nebo ve vyva\u0159en\u00e9 skleni\u010dce<\/li><\/ul><h2>\u00a0<\/h2><h2><span style=\"color: #088499;\">Prvn\u00ed prohl\u00eddka miminka v ordinaci po propu\u0161t\u011bn\u00ed z\u00a0porodnice<\/span><\/h2><h4>Co s sebou na prvn\u00ed prohl\u00eddku miminka?<\/h4><ul><li>rodn\u00fd list d\u00edt\u011bte<\/li><li>karti\u010dku poji\u0161t\u011bnce (pokud je\u0161t\u011b nem\u00e1te, pak potvrzen\u00ed zdravotn\u00ed poji\u0161\u0165ovny)<\/li><li>propou\u0161t\u011bc\u00ed zpr\u00e1vu z nemocnice \u2013 Zpr\u00e1vu o novorozenci (pokud V\u00e1m byla vyd\u00e1na)<\/li><li>dotazn\u00edk k definici rizika tuberkul\u00f3zy<\/li><li>Zdravotn\u00ed a o\u010dkovac\u00ed pr\u016fkaz d\u00edt\u011bte<\/li><\/ul><h4>Jak prob\u00edh\u00e1 prvn\u00ed n\u00e1v\u0161t\u011bva miminka v ambulanci?\u00a0<\/h4><ul><li>nejd\u0159\u00edve s V\u00e1mi sest\u0159i\u010dka sep\u00ed\u0161e ve\u0161ker\u00e9 z\u00e1kladn\u00ed \u00fadaje o miminku, obou rodi\u010d\u00edch, v\u010detn\u011b kontakt\u016f<\/li><li>n\u00e1sledn\u011b prob\u011bhne v\u00e1\u017een\u00ed a vstupn\u00ed prohl\u00eddka miminka a tak\u00e9 dostanete prostor pro v\u0161echny Va\u0161e dotazy<\/li><li>prvn\u00ed n\u00e1v\u0161t\u011bvu zakon\u010d\u00edte objedn\u00e1n\u00edm na dal\u0161\u00ed term\u00edn prohl\u00eddky<\/li><\/ul>\t\t\t\t\t\t\t\t<\/div>\n\t\t\t\t<\/div>\n\t\t\t\t\t<\/div>\n\t\t<\/div>\n\t\t\t\t\t<\/div>\n\t\t<\/section>\n\t\t\t\t<section class=\"elementor-section elementor-top-section elementor-element elementor-element-b438537 elementor-section-boxed elementor-section-height-default elementor-section-height-default\" data-id=\"b438537\" data-element_type=\"section\" data-e-type=\"section\">\n\t\t\t\t\t\t<div class=\"elementor-container elementor-column-gap-default\">\n\t\t\t\t\t<div class=\"elementor-column elementor-col-100 elementor-top-column elementor-element elementor-element-5b3de00\" data-id=\"5b3de00\" data-element_type=\"column\" data-e-type=\"column\">\n\t\t\t<div class=\"elementor-widget-wrap elementor-element-populated\">\n\t\t\t\t\t\t<div class=\"elementor-element elementor-element-a3a7c16 elementor-widget elementor-widget-spacer\" data-id=\"a3a7c16\" data-element_type=\"widget\" data-e-type=\"widget\" data-widget_type=\"spacer.default\">\n\t\t\t\t<div class=\"elementor-widget-container\">\n\t\t\t\t\t\t\t<div class=\"elementor-spacer\">\n\t\t\t<div class=\"elementor-spacer-inner\"><\/div>\n\t\t<\/div>\n\t\t\t\t\t\t<\/div>\n\t\t\t\t<\/div>\n\t\t\t\t\t<\/div>\n\t\t<\/div>\n\t\t\t\t\t<\/div>\n\t\t<\/section>\n\t\t\t\t<\/div>\n\t\t","protected":false},"excerpt":{"rendered":"<p>Preventivn\u00ed prohl\u00eddky Prvn\u00ed vy\u0161et\u0159en\u00ed d\u00edt\u011bte prob\u011bhne zpravidla do 3 dn\u016f od\u00a0propu\u0161t\u011bn\u00ed z porodnice.N\u00e1sleduj\u00ed dal\u0161\u00ed preventivn\u00ed prohl\u00eddky \u2013 do 1 roku v\u011bku celkem 8x, a to ve v\u011bku\u00a014 dn\u016f, 6 t\u00fddn\u016f, 3, 4, 6, 8, 10 a 12 m\u011bs\u00edc\u016f. N\u00e1sleduje prohl\u00eddka v odstupu p\u016fl roku \u2013\u00a0v 18 m\u011bs\u00edc\u00edch v\u011bku. Od 3 let v\u011bku jsou dal\u0161\u00ed preventivn\u00ed [&hellip;]<\/p>\n","protected":false},"author":1,"featured_media":0,"parent":88,"menu_order":2,"comment_status":"closed","ping_status":"closed","template":"elementor_header_footer","meta":{"footnotes":""},"class_list":["post-361","page","type-page","status-publish","hentry"],"_links":{"self":[{"href":"https:\/\/ordinacevraji.cz\/index.php\/wp-json\/wp\/v2\/pages\/361","targetHints":{"allow":["GET"]}}],"collection":[{"href":"https:\/\/ordinacevraji.cz\/index.php\/wp-json\/wp\/v2\/pages"}],"about":[{"href":"https:\/\/ordinacevraji.cz\/index.php\/wp-json\/wp\/v2\/types\/page"}],"author":[{"embeddable":true,"href":"https:\/\/ordinacevraji.cz\/index.php\/wp-json\/wp\/v2\/users\/1"}],"replies":[{"embeddable":true,"href":"https:\/\/ordinacevraji.cz\/index.php\/wp-json\/wp\/v2\/comments?post=361"}],"version-history":[{"count":43,"href":"https:\/\/ordinacevraji.cz\/index.php\/wp-json\/wp\/v2\/pages\/361\/revisions"}],"predecessor-version":[{"id":654,"href":"https:\/\/ordinacevraji.cz\/index.php\/wp-json\/wp\/v2\/pages\/361\/revisions\/654"}],"up":[{"embeddable":true,"href":"https:\/\/ordinacevraji.cz\/index.php\/wp-json\/wp\/v2\/pages\/88"}],"wp:attachment":[{"href":"https:\/\/ordinacevraji.cz\/index.php\/wp-json\/wp\/v2\/media?parent=361"}],"curies":[{"name":"wp","href":"https:\/\/api.w.org\/{rel}","templated":true}]}}